 ((-16)/12)/(4/(-7731)) prime?
False
Let f(h) = 5*h**2 + 8*h + 4. Is f(-11) a prime number?
True
Let q(r) = 3*r**2 + 8*r + 8. Let z be 14/8*(0 - -4). Is q(z) a composite number?
False
Suppose -3*g - 790 = 2*g. Let q be 0 - (-2*1 - 312). Is 1/(2 + q/g) a composite number?
False
Let x(g) = 12*g**3 - g**2 + 10*g - 7. Is x(6) prime?
True
Let f be ((-15)/(-6))/(1/2). Suppose -f*r + 2*s = -100 - 97, -r = 3*s - 53. Let i = r - 18. Is i a prime number?
True
Suppose 0 = 12*f - 14*f + 1598. Is f prime?
False
Is -314*4/(-24)*3 a prime number?
True
Let n = 5 + -7. Is n*((-4460)/8)/5 composite?
False
Let v(p) = 4*p**3 - 5*p**3 - 2*p - 5*p**2 + 0*p**3 + p - 2. Let g be v(-5). Suppose -4*k = 4*r - 12, -2*r - 2*k - 15 = -g*r. Is r a prime number?
True
Suppose 5*i = x + 4, 5*x - x + 3*i = 30. Suppose -55 = -x*j + j. Is j composite?
False
Suppose -3*r - a = -9, -a + 0*a = 0. Let y = r - 0. Suppose 2*n + 8 = 2*o - 0*n, y*n = -3*o + 30. Is o prime?
True
Let t(i) = -i - 1. Let h be t(-4). Let k(s) = 6*s**2 - 10*s + 9. Let r(l) = 3*l**2 - 5*l + 4. Let j(y) = -2*k(y) + 5*r(y). Is j(h) composite?
True
Is -1*((5 - 3) + -163) a prime number?
False
Let j(f) = 2*f**2 + 7*f. Let l be j(-4). Is (-1 - l)*(-23)/1 a composite number?
True
Let c = 43 - 18. Is c composite?
True
Let v = 1228 + -87. Is v composite?
True
Let v = -3 - -6. Suppose 5*h + 20 = 2*u, h = -v*u - 4*h - 20. Suppose -z + 5*z - 212 = u. Is z prime?
True
Let d(n) = n**3 + 8*n**2 + 4*n - 10. Let y be d(-7). Suppose -1 = -2*w + 3. Let b = w + y. Is b composite?
False
Suppose -2*y = -5*y + 51. Suppose -16 - 4 = 5*z. Let f = y + z. Is f a prime number?
True
Suppose l + 3*l = -3*v + 448, -5*v - 20 = 0. Is (-6)/(3 + 0) + l prime?
True
Let d be (-718 + 0)*1/(-2). Suppose -5*a = -1716 - d. Suppose 5*b = 290 + a. Is b prime?
False
Let g = 131 + -42. Is g prime?
True
Let p(i) = 4*i**2 - 1. Let w be p(-1). Let m(y) = 7*y**2 + 2*y + 3*y + y**2 - 2. Is m(w) a prime number?
False
Let j be 6/21 - (-80)/14. Let y = 59 - j. Is y a composite number?
False
Is 3 + 813 + 6/(0 + 3) prime?
False
Suppose 0 = -q - 3*q. Suppose -2*u - 3*u + 255 = q. Is u prime?
False
Is 49 + (-5 - -2) + 5 a composite number?
True
Let s(m) = m**3 + 6*m**2 + 6*m - 4. Let o be s(-5). Let t be ((-2)/3)/(1/3). Is 32/18 + t/o a composite number?
False
Suppose -2 = -5*h + r - 2*r, 4*r = 5*h + 8. Suppose -2*c + 3*c - 85 = h. Is c a composite number?
True
Let m(i) = 1281*i - 29. Is m(4) a composite number?
True
Is (-979)/(-9) - (-4)/18 composite?
False
Suppose -847 = -4*t + l + 3120, 3*l - 1008 = -t. Is t prime?
False
Suppose -2*l = -16 - 90. Is l composite?
False
Suppose -5*t - 402 = -3*b, -t = 4*t. Let p = -269 - -472. Let y = p - b. Is y a prime number?
False
Let s = 2464 - 843. Is s prime?
True
Let a = 7 - 3. Let z(i) = 3*i**2 - 2*i - 4. Let k be z(-3). Suppose -k = a*j - 113. Is j composite?
True
Let j be 21/(-3)*6/7. Let b be 4/j*24/(-2). Suppose 4*l = -b + 52. Is l composite?
False
Let f(u) = -u**3 + 17*u**2 - 3*u - 23. Suppose -5*k - 1 = -4*k, 0 = -3*s - 2*k + 46. Is f(s) a composite number?
True
Let d be 2/(-2*2/(-10)). Suppose 5*n = -3*f + 280, n - 82 = d*f + 2. Is n composite?
False
Let o be 15/12 - 1/4. Suppose -3*v - o = -2*r, -5*v = -0*v - 3*r + 3. Is (4 + -1)*(-10)/v a composite number?
True
Let a(u) be the third derivative of 0 - 5/6*u**3 + 1/120*u**6 + 1/24*u**4 + 2*u**2 + 0*u + 1/10*u**5. Is a(-5) a composite number?
True
Suppose 0 = 3*z - 5*d - 4073, 6*z - 3*z + d - 4085 = 0. Is z prime?
True
Let w = -32 + -99. Let o = -44 - w. Suppose -5*j + 212 = o. Is j composite?
True
Let x = -965 - -1774. Is x a prime number?
True
Let t = 149 - 0. Is t a composite number?
False
Let s(t) = 29*t**2 + 30*t + 44. Let o(n) = -10*n**2 - 10*n - 15. Let b(d) = 17*o(d) + 6*s(d). Is b(-8) a composite number?
True
Suppose z = -0*z + 5. Let s(d) = -18*d - 3. Let h(r) = -r. Let p(q) = 2*h(q) - s(q). Is p(z) prime?
True
Let p(d) = -168*d + 59. Is p(-13) a prime number?
True
Let k(t) = 3*t**3 + 2*t**2 - 2*t + 1. Let h be k(1). Suppose 5*g - h*g = 26. Is g a composite number?
True
Let w(l) = -10*l - 1. Let t be 1*9*(2 - 3). Is w(t) a composite number?
False
Let m(p) = p**2 + 7*p - 8. Let j be (-1 - (-15)/(-9))*3. Let y be m(j). Suppose y = -4*g - 127 + 387. Is g composite?
True
Let w(n) = -n**3 + n**2 + n. Let l(j) = 7*j**3 - 3*j + 1. Let f(r) = l(r) + 6*w(r). Is f(-4) a composite number?
True
Suppose 0 = 3*x + 3*j - 1824, -x + 7*j + 618 = 6*j. Is x prime?
True
Let v be 3 - (0 + 1/1). Suppose 5*y = -5*a + 535, v*y + 2*y - 2*a - 404 = 0. Is y a prime number?
True
Let a(p) = p + 41*p**2 + 142*p**2 - 1 + 64*p**2. Let u be a(1). Suppose -3*n + 2*v = -u, -2*n + v + 165 = -0*n. Is n a prime number?
True
Let c(p) = 46*p - 32. Is c(9) a composite number?
True
Suppose -4*s = -6*s. Is -445*(0 - 1 - s) prime?
False
Suppose -4*n - 171 = -559. Suppose -4*f + 3*f = -4*k - 93, f - n = 5*k. Is f a prime number?
False
Let k = -2 + 4. Suppose -2*d = -f + 3*d + 321, -k*f - 2*d = -594. Is f a composite number?
True
Suppose -l = -671 + 208. Is l a composite number?
False
Suppose n = 12*x - 10*x + 3441, 2*x + 6874 = 2*n. Is n a prime number?
True
Suppose 6*q - q = 330. Suppose -39 = -3*h + q. Is h a composite number?
True
Let h = 2 - 4. Let u(b) = -5*b. Is u(h) a composite number?
True
Suppose -5*z + 1292 = -z. Is z composite?
True
Let s(t) = 18*t + 1. Let r be s(3). Suppose -c + r = 5*p, -c + p = 4*p - 55. Is c composite?
True
Suppose 5*y - 345 = -i + 2*i, 4*i + 276 = 4*y. Is y a prime number?
False
Suppose -4*y = -9*y + 2*l + 665, -3*l = y - 116. Is y prime?
True
Suppose -3*m - 119 = -2*r, -m - 62 = -2*r + r. Is r a composite number?
False
Suppose -r + 76 = -o, -o + 184 - 47 = 2*r. Suppose k - r = 20. Is k composite?
True
Let j(m) = m**3 - 7*m**2 + m + 11. Is j(8) composite?
False
Let p(y) = 13 - 7*y - 3*y - 6*y - y**2 + 3*y. Is p(-10) a prime number?
True
Let v(x) = 32*x**2 - 7*x - 4. Is v(-3) a composite number?
True
Let n be 3 - (-2 - 2/(-2)). Is (n/12)/((-2)/(-2370)) a composite number?
True
Suppose -4*n = -8*n + 2948. Is n a prime number?
False
Let k(f) = -10*f + 2. Suppose -d + 16 = 4*h, -2*d + 5*d + h - 15 = 0. Let t be k(d). Let i = 115 + t. Is i a composite number?
True
Suppose 8 = r - 0*r - 4*z, 5*r + 2*z = -4. Let s(o) = o**2 - o + 31. Is s(r) prime?
True
Suppose 3*m + 3*z - 4675 = z, 2*m + 2*z - 3114 = 0. Is m a composite number?
True
Let z = 80 + 53. Is z composite?
True
Suppose 297 = -4*k + 1189. Is k a prime number?
True
Let w(z) = z**2 + 6*z - 16. Is w(-15) composite?
True
Let s(i) = 4*i**3 - i. Let n be s(2). Is 1416/n - (-2)/(-10) composite?
False
Let r(q) = 5*q + 1. Let f be r(1). Is 15/(-5)*(-14)/f prime?
True
Suppose 3*i + 3 = 0, 3*i + 18 = 5*c - 2*c. Suppose 304 = -c*v - 6. Let x = v - -117. Is x prime?
False
Suppose 0 = 8*c - 3*c + 3*s + 9, -4*c = -2*s - 6. Let r = 3 - c. Is r a composite number?
False
Is (-1082)/8*(1 + -5) composite?
False
Let j(g) = -78*g**3 - 1. Let d(z) = -z**2 - z - 1. Let n be d(0). Is j(n) composite?
True
Let k be 730/(-6) - 2/6. Is -2 - (-2)/((-4)/k) a composite number?
False
Is 2086/2 + 0/7 prime?
False
Suppose -2*j = 3*t - 0*j - 27, 5*t + 3*j = 45. Let d = -3 + t. Let q(y) = 7*y**2 + 7*y + 7. Is q(d) prime?
False
Suppose -b + 6*b + a - 27 = 0, 0 = -2*b - 4*a + 18. Suppose -b*u - 243 = -1058. Is u a prime number?
True
Let y = 1064 + -385. Is y composite?
True
Suppose 4*h = -3*x + 118, -2*x + 0*x + h + 64 = 0. Is -1 + (-1)/((-1)/x) a prime number?
False
Suppose 8*u = 1515 + 2429. Is u a prime number?
False
Suppose 3*l - 1816 = 941. Is l a prime number?
True
Let s = -6 + 5. Let n = s + 72. Is n a prime number?
True
Let h = 182 + -124. Is h a prime number?
False
Is 0 + 142 + (3 + -3 - -1) a composite number?
True
Suppose -n - 1000 = -2*v, -5*v = -6*v + 4*n + 507. Is v a composite number?
False
Is 1205/3 - (-4)/(-6) composite?
False
Suppose -4*q - 3380 = -0*q. Is q/(-7) + 6/21 prime?
False
Suppose 8*f = 5*f + 153. Is f a composite number?
True
Let b = 5 + 89. Let s = 271 - b. Is s a prime number?
False
Is (-4786)/(-10) - (42/(-15))/7 prime?
True
Let t(c) = 1549*c - 6. Is t(1) a composite number?
False
Let h(c) = c**3 + 13*c**2 - 26*c - 9. Is h(-13) composite?
True
Let j = -5 + 10. Suppose j*s - 82 = 103. Is s prime?
True
Let t(x) be the se